5*w = 3*j - s, 196 = -0*j + 3*j + 4*w. What are the prime factors of j?
2, 3
Suppose 5*d = 38*d - 21846. What are the prime factors of d?
2, 331
What are the prime factors of 6 + 1 + 9/(117/12844)?
5, 199
Suppose 5*d - 100 = 80. Suppose -3*y - 9 = -6*y, d = 3*g + y. List the prime factors of g.
11
Suppose 5*t = 307 + 1663. List the prime factors of t.
2, 197
Suppose -5*d + 6 + 19 = 0. Suppose -d*c + 251 = -184. What are the prime factors of c?
3, 29
Suppose 2*j - j = -z - 24, z = 3*j - 20. Let a = z + 123. List the prime factors of ((-28)/10)/((-5)/a).
2, 7
Let t(g) = -g - 7. Let o be (-2)/4 - (-84)/(-8). Let w be t(o). Suppose -107 = -3*r + 4*d, 6*d + 131 = w*r + 3*d. What are the prime factors of r?
29
Suppose -p + 1076 = -1403. What are the prime factors of p?
37, 67
Suppose 5*t = -2*g + 2170, -859 = 9*t - 11*t + g. List the prime factors of t.
2, 3
Let t = -1486 + 2501. List the prime factors of t.
5, 7, 29
Suppose 4669 = 8*w - 3459. What are the prime factors of w?
2, 127
What are the prime factors of 2/11 + (-374900)/(-253)?
2, 3, 13, 19
Let k(o) be the third derivative of o**5/30 - 5*o**4/6 - 5*o**3/6 + 3*o**2. List the prime factors of k(16).
11, 17
What are the prime factors of ((-1364)/8)/(203/70 + -3)?
5, 11, 31
Let r(l) be the first derivative of l**2/2 + 24*l - 3. List the prime factors of r(28).
2, 13
Suppose 17*r - 300 = 15*r. Suppose -r = -2*t + 68. What are the prime factors of t?
109
Let s(a) = 9*a**2 + 5*a + 17. List the prime factors of s(4).
181
Suppose -2 = 13*i - 2. Suppose i = -25*q + 20*q + 680. What are the prime factors of q?
2, 17
Suppose -8*r + 790 = 334. Suppose -l = -143 + r. List the prime factors of l.
2, 43
Let h = 951 + -416. What are the prime factors of h?
5, 107
Suppose -10*x = -14*x. Suppose r + r + a - 7 = x, 4*r = a + 5. Suppose -v = -2*v - 4*d + 14, 0 = -5*v - r*d + 160. What are the prime factors of v?
2, 17
Let q(b) = -b**3 - 8*b**2 - 2*b - 10. Let n be q(-8). Suppose 3*c = 2*g - 17, 2*c + 0*c = -n. Suppose g*v - 60 = 2*v. List the prime factors of v.
2, 3, 5
Let p(o) = o**3 - 9*o**2 + 7*o + 11. Let b be p(8). Suppose b*k - 16 = 5*k. List the prime factors of (2*1)/(k/(-84)).
3, 7
Suppose -24*s = 875 - 20603. What are the prime factors of s?
2, 3, 137
Suppose 5*h - 27 + 7 = 0. Let d be 1 - 0/(3 - 2). List the prime factors of -2 + h + 25 - d.
2, 13
Let x be (6/4)/(12/16). Suppose 3*i + 476 = -5*p - 14, -10 = x*p. Let d = i + 217. List the prime factors of d.
2, 31
Suppose 10*g = 20*g - 16070. What are the prime factors of g?
1607
Let n(q) = 23*q**2 - 9*q + 15. What are the prime factors of n(-10)?
5, 13, 37
Suppose 2455 + 2293 = 2*q + 4*j, 5*q - j = 11837. What are the prime factors of q?
2, 37
Let t = 4 + -2. Suppose -t*s = -5*s + 39. Suppose 3*v - s = 23. List the prime factors of v.
2, 3
Let z(w) = w**3 + 12*w**2 - w + 15. Let r be z(-12). What are the prime factors of r - ((-4)/(-1))/4?
2, 13
Let a(h) = 4*h + 252. List the prime factors of a(0).
2, 3, 7
Suppose 0 = -5*k + 2*l + 2, -2*k = k + 5*l - 26. Suppose -k*x + 4*t + 12 = 0, 6 = -3*t - 0. Suppose 2 = x*c - 2. What are the prime factors of c?
2
Let t be -4 + 0 + (6 - 2) + 1968. Suppose -4*h - 8*h = -t. List the prime factors of h.
2, 41
Let f = -42 - -47. Suppose -f*m + 41 + 99 = 0. List the prime factors of m.
2, 7
Let d(g) = -g**2 + 8*g + 12. Let f be d(9). Suppose -2*o + 9 = -f. List the prime factors of ((-84)/18)/((-1)/o).
2, 7
Suppose 0 = 2*d - 5*d + 117. Let o = 11 + d. List the prime factors of o.
2, 5
Let r(k) = k**3 - 5*k**2 - 6*k + 3. Let a be r(6). Suppose -a*m + 10*m - 245 = 0. List the prime factors of m.
5, 7
Suppose -5*c + 13*c = 0. What are the prime factors of (c - -5)*(-798)/(-35)?
2, 3, 19
Suppose 5*x - 4*s - 4 = 0, -2*x + 4*s = -0*x - 4. Let k(l) = 11*l + x*l**3 + 3*l**2 - 9 + 3*l**2 - l**3. List the prime factors of k(7).
19
Let a = 11 - 13. Let k = a - 1. What are the prime factors of ((-9)/4)/(k/32)?
2, 3
Suppose 3*l + m = l + 7, 4*l + 4*m - 8 = 0. Suppose -5*r = l*n - 215, 0*r = 4*r - 4. List the prime factors of n.
2, 3, 7
Let o(y) = 14*y**2 - 129*y - 26. List the prime factors of o(16).
2, 3, 83
Suppose -3*b + 2*h - 293 = 0, 0 = 2*b - 0*b - 2*h + 192. Let k = -36 - b. What are the prime factors of k?
5, 13
Let p = -11 - -15. Suppose 0 = -t - 5, -p*a + 3*t + 56 = -3*a. What are the prime factors of a?
41
Let r(a) = a**3 - a**2 - 2*a + 2. Let i be r(2). List the prime factors of 162/i - 1*3.
2, 3, 13
Let i(z) = -z**3 + 2*z + 1 + 2*z - z**2 - 3*z. Let u be i(-2). Suppose -89 = -2*a - 3*w, 0 = 5*a + u*w - 18 - 227. What are the prime factors of a?
2, 13
Let n(w) be the first derivative of w**3/3 + 7*w**2/2 + 13*w - 17. List the prime factors of n(-7).
13
Suppose -5*z + 17 + 3 = 0. Suppose -3*d - 1 = 3*a + 5, 3*d - z*a - 1 = 0. Let w = 27 - d. What are the prime factors of w?
2, 7
Let k(j) = j**3 + 24*j**2 - 37*j + 52. What are the prime factors of k(-25)?
2, 11
Suppose -9*z + 6233 = 752. What are the prime factors of z?
3, 7, 29
Let b be 2 - (-4)/((-8)/18). Let u(p) = -2*p + 7. List the prime factors of u(b).
3, 7
Suppose 16 = -2*n + 4*l - l, -35 = 3*n + l. Let p(v) be the second derivative of v**3/6 + 19*v**2/2 - 3*v. What are the prime factors of p(n)?
2
Let j(s) = -s**2 - s + 4. Suppose 11*h = 8*h. Let i be j(h). Suppose -5*q + 130 = 5*c, -i*q = -3*c - 2*q + 83. What are the prime factors of c?
3
Let d be (-6)/(-15) + 234/15. Let b(k) = 3 + 0*k - d + 2*k. What are the prime factors of b(13)?
13
Suppose -h - 4 = -3*p, 16 = 4*p - 5*p - 4*h. Suppose -87 = -3*q - p*q. Suppose -2*x + 25 = -q. What are the prime factors of x?
3
Suppose 2*t - 4*f = -t - 28, -28 = 5*t - 2*f. What are the prime factors of 0*t/8 - -65?
5, 13
Suppose -h - 5*y + 2883 = 0, h - 4*y - 4479 = -1596. What are the prime factors of h?
3, 31
List the prime factors of (35 + -13)*(-141)/(-6).
11, 47
Suppose -2712 + 678 = -6*q. Suppose 0*c + q = 3*c. What are the prime factors of c?
113
Let r = -10 + 11. Let w be -10 - -13 - (r + -2). Suppose 9*c + w*i = 4*c + 233, c - 3*i = 39. What are the prime factors of c?
3, 5
Let s(v) = 30*v**2 - 4*v + 6. Let p be s(1). Suppose 0 = -3*u + g + 17, 2*u + u - 3*g = 9. Suppose -p = -u*d + 6*d. List the prime factors of d.
2
Suppose 180 + 1062 = 2*g. Suppose 3*i - 4*b = 405, 3*b - 83 = -5*i + g. Suppose 0*a + 98 = 3*d + a, 3*a = -4*d + i. List the prime factors of d.
31
Let m = 343 + -254. What are the prime factors of m?
89
Let v = 961 - 149. What are the prime factors of v?
2, 7, 29
Suppose 6*c - 10684 = 4*n, -5336 = -3*c - 2*n - 2*n. What are the prime factors of c?
2, 5, 89
Suppose -3*s = -s - 2986. List the prime factors of s.
1493
Let n(x) = 69*x + 26. What are the prime factors of n(4)?
2, 151
Let f(g) = 380*g**2 - 3*g + 2. What are the prime factors of f(2)?
2, 379
Suppose r + 16 = -2*o + o, -120 = 5*r - 5*o. What are the prime factors of 2/8 - 2935/r?
3, 7
Suppose 6*l = 2*l. Suppose 0 = -l*r + 2*r - 6. Suppose 0*o - 198 = -r*o. What are the prime factors of o?
2, 3, 11
Let y(p) = -p**2 + 42. Let l be y(-6). Suppose -m + 0 + 22 = 0. Let n = l + m. List the prime factors of n.
2, 7
Suppose -11*y + 2528 + 5568 = 0. What are the prime factors of y?
2, 23
Let u = 104 + 2473. What are the prime factors of u?
3, 859
Let s = 6980 + -2663. What are the prime factors of s?
3, 1439
Let p be (-930)/75*(-35 + 0). Suppose 5*v - p = -2*v. List the prime factors of v.
2, 31
Suppose -7*b - b - 1216 = 0. Let v = b + 274. List the prime factors of v.
2, 61
Suppose -1924 = -2*i + 3128. What are the prime factors of i?
2, 3, 421
Let b(a) = -9*a**3 - 2*a**2 + a - 1. Let k(s) = -3*s + 15. Let y be k(0). Suppose -4*w - y = -7. List the prime factors of b(w).
61
Let t(k) be the third derivative of -k**5/15 - k**4/8 - 4*k**3/3 - 4*k**2. Let d be t(-6). List the prime factors of d/2*(4 + -5).
67
Let l(d) = -4*d**2 - 4*d + 12. Let r be l(3). What are the prime factors of r/9 + 2 + 235?
233
List the prime factors of (1062 - -7)*(1 - 0).
1069
Suppose -137*q + 437656 = -5128. What are the prime factors of q?
2, 101
Suppose 291*l + 11361 = 298*l. List the prime factors of l.
3, 541
Suppose 9*s - s = 14136. What are the prime factors of s?
3, 19, 31
Suppose 706 = 2*j - u, 3*u + 1685 = 5*j - 82. What are the prime factors of j?
3, 13
Suppos